5 + 1 - -10) + (2 - 0)?
8
Evaluate -71 + 89 - ((-1 - 5) + 16).
8
Calculate 1 + -10 - -2 - ((9 - -10) + -15).
-11
What is the value of -8 + 24 - (7 - -2)?
7
Calculate 38 - (4 - -48) - (-30 - 2).
18
What is the value of 29 - (30 - (-22 + 26))?
3
(1 - 10) + 18 - 2
7
Evaluate 81 - 39 - (28 - 2).
16
What is the value of (6 - (-4 + 2)) + (67 + -28 - 35)?
12
What is 1 - 3 - (143 - 128) - -14?
-3
Evaluate 1 + 7 - 13 - (-4 - (-4 + 6)).
1
Evaluate 15 - (9 - ((12 - 1) + (12 - 18))).
11
Evaluate (1 + 1 - 46) + 25 + -12.
-31
Calculate 41 + -34 + (-4 - (4 + -8)).
7
What is the value of -22 - ((50 - 28) + -63)?
19
What is -10 - (-34 + 20) - (1 - 7)?
10
Calculate 11 + (-14 - (4 - 15)) + 3.
11
Evaluate 293 + -292 - ((1 - -1) + 3 + 1).
-5
Evaluate -2 - -1 - (134 + -146).
11
Calculate 1 + ((-3 - (3 - 8)) + 5 - 3).
5
What is (-10 - 2) + 7 + 2?
-3
Calculate (14 - 0) + -13 + 17 + -5 + 7.
20
(1 + 3 - (-58 - -64) - -1) + -13
-14
Calculate ((-3 - -15) + -5 - (-3 + 10)) + -14.
-14
Calculate (-12 - (-18 - 3)) + 0 + 0 - -6.
15
39 + -29 + (-5 - (-2 - 3))
10
Evaluate 1 + 8 + -37 + 41 + 9.
22
What is -14 + -19 + 48 + -3?
12
What is (-68 - -156 - 80) + 17 + -1?
24
What is the value of (34 - (3 + 7 + 8 + -9)) + 4?
29
-8 - ((11 - -3) + 6) - -13
-15
What is 12 + -5 + -21 + 8?
-6
Calculate 2 - 0 - (-632 + 618).
16
What is the value of -5 + -7 - -51 - 37?
2
Evaluate 13 + 34 + -10 + -12 - 8.
17
4 - -1 - (-19 - (-57 - -23))
-10
What is the value of 60 + 15 + (4 - 49)?
30
What is -3 + -7 + -16 + 12?
-14
Calculate -1 + (-8 - (4 - 17)) - (6 + 0).
-2
What is the value of -10 - -11 - (20 + (9 - 16))?
-12
What is the value of (-5 - 5) + 14 - 6?
-2
What is the value of -67 + 3 - (-30 - 1)?
-33
Evaluate (-1175 - -1176) + (-10 - (1 - 1)).
-9
What is the value of -2 + (-6 - -7) + -11 + (-17 - -1)?
-28
What is -17 - (-21 - (-13 - 0))?
-9
Calculate 7 + ((-4 + 3 - 0) + 2 - -2).
10
9 - (-10 - (-16 - -21))
24
(12 - -4) + (-29 - -14 - -18)
19
(16 - 12 - 8 - -7) + 11
14
5 - (-6 + 13) - (36 - 9)
-29
28 - (-9 + -9 + 31)
15
(0 - 11 - -25) + -2
12
Evaluate -4 + -13 + 27 + -4.
6
What is 18 + (9 - (18 - -1))?
8
Evaluate 19 + -6 + 10 - (36 + -41).
28
What is the value of 6 - (-10 - (26 - 21))?
21
Calculate 7 - (-8 - -10) - 12.
-7
Evaluate 6 + (11 - (-5 + 17)).
5
Calculate (0 - -6) + (-323 - -311).
-6
Calculate -6 + -17 + 13 + 20 + 1 - 13.
-2
What is the value of (0 - 1) + 11 - (602 - 597)?
5
Calculate 17 - (5 - (-2 + 4 + -9 + 8)).
13
Calculate -13 - (7 + -14 - 6).
0
What is the value of (13 - (22 + (16 - 10))) + 43?
28
What is (-34 - (-40 - -18)) + (1 - 0)?
-11
What is -11744 + 11756 - (-1 + 2 + (0 - -4))?
7
Calculate -15 + (7 - 4) + -109 + 103.
-18
What is (-3 + -22 - -18 - 15) + 9 + 0?
-13
What is 4 + -4 + -5 - -13?
8
What is -2 + (1 - (1 + -2)) + 267 + -271?
-4
What is the value of -23 + (0 - ((-17 - -4) + 4))?
-14
Evaluate 19 + -9 + -17 - 3.
-10
Calculate -5 - (-5 + -4) - 0 - (14 + 0).
-10
3 - 5 - (2 + 1)
-5
5 - 8 - 5 - (-4 - -3 - 8)
1
Evaluate 10 + 1 - (39 - (22 + 17)).
11
Calculate -14 + 6 + -10 + 5 + -4.
-17
Evaluate -3 + -1 + 2 + (16 + -28 - 1).
-15
What is the value of 466 + -445 - (7 - (-2 + 4))?
16
Evaluate 6 - 17 - (-2 - (2 + -1)).
-8
What is -4 + 8 - (0 + 2) - -10 - 2?
10
9 + 20 - 35 - (-1 + (-8 - 3))
6
What is (-14 - -2) + (-6 - -5) + 0?
-13
Evaluate -4 + (-14 - (2 + (2 - 2)) - -6).
-14
1 - -1 - (-15 + 3 + 15)
-1
(-64 - -63) + 1 + 8
8
What is the value of -28 + 33 + 6 + -23?
-12
What is the value of 50 + -46 + (2 - (-2 + 4)) + 2?
6
Evaluate 10 + -16 - -3 - (-4 + -3).
4
Evaluate 1 - -1 - ((17 - (-22 + 42)) + 28).
-23
Evaluate -2 + 17 + -4 - (-12 + 25 + -12).
10
What is the value of -5 + -20 + 38 - (1 - 6)?
18
Calculate 7 + 24 - (-41 + 80).
-8
Calculate -8 + 35 + -24 + 22.
25
-4 + (-33 - -18) - -23 - -21
25
What is the value of -208 + 218 - (-1 - (-31 - -2))?
-18
4 - (3 - (-5 + -7))
-11
What is 9 - (1 + -2 - (21 + -19))?
12
Evaluate -3 + (-1 - (0 + -2)) + 1.
-1
(-10 + (0 - 3) - (-6 + 4)) + 5
-6
-29 + -1 + -6 + (-18 - -29) + 0
-25
What is -3 + -2 + 17 - (-36 + 36)?
12
What is the value of 20 - (32 - (-4 + 29))?
13
Evaluate 1 + 6 + -3 - 9 - -15.
10
3 + (18 - 12) + (-1 - 19)
-11
Calculate -10 + (4 - ((-2 - 8 - -9) + 4)).
-9
Evaluate (-1 - -18 - -1) + -21.
-3
10 - -2 - 17 - 1 - (22 - 1)
-27
(-1 - (-1 + 2)) + -1 + (16 - 9)
4
Evaluate (-6 - -14 - (-2 - 9)) + -11.
8
Calculate (-6 - -26) + (13 + -11 + 5 - 10).
17
Evaluate 6 + -22 - -16 - -2 - 5.
-3
Calculate 38 + (-34 - (15 - 22)).
11
What is the value of 13 - (18 - (23 + -11))?
7
Evaluate ((-2 - 2) + 2 - 5) + (1120 - 1088).
25
-12 - (-5 + (-1 - 2)) - -3
-1
-68 - -93 - (10 + 4)
11
What is (-3 - -3) + 5 + 9 - (4 + 0)?
10
Evaluate 385 + -364 - (1 - -40).
-20
What is (-19 - 0) + 92 + 3 + -40?
36
Calculate 18 + -3 - (-23 - -23).
15
Calculate 7 + -1 - 0 - (15 + 2 + 2).
-13
-4 + 9 - (7 - 5) - (4 + 12)
-13
Evaluate 15 + -17 - (0 - -5) - 9.
-16
Calculate (-6 - (6 - 14)) + 6 - -8.
16
What is 2 + -6 + (9 - (4 + -13)) + -5?
9
What is the value of -51 + -15 + 28 - -35?
-3
What is the value of -204 + 189 + (15 - 2)?
-2
What is the value of (14 - -5 - 26) + 3 + -1 - -28?
23
Calculate -2 + 13 + 21 + -25.
7
What is 20 - (2 - -20 - (-1 + 15))?
12
Evaluate 3 + 0 + 7 - (12 - -4).
-6
(6 - 1 - -3) + -17
-9
-7 + 1 + 20 + -16
-2
What is -468 + 469 - (3 - 6 - 7)?
11
What is -2 + 1 - (3 - 2) - (45 - 11)?
-36
What is 29 + (-14 - (19 + -14))?
10
What is the value of (56 + -63 - (1 - 10)) + (-4 - 10)?
-12
What is the value of (44 + -14 - 11 - 5) + -5?
9
Evaluate 19 - (-7 - (-3 - -3) - -11).
15
What is -24 + 26 + -1 + 17?
18
What is the value of 23 - (24 - 5) - (0 + -1)?
5
Calculate -41 + 19 + (12 - 3).
-13
What is the value of 18 + -7 + -9 + -11?
-9
What is the value of (-3 + 5 - 7) + (1 - -1) - -8?
5
Calculate (-4 - 0) + (-38 - -40).
-2
What is 11 + 1 + -9 - (1 + 4 + -1)?
-1
Evaluate -1 + (-19 - (-11 + 12)).
-21
What is 15 + 1 + 86 + -35 + -40?
27
5 - (-30 - 7 - -62)
-20
What is 2 + -2 + 8 + -23 + 9?
-6
What is the value of (3 - 17) + (-25 - -3) + 34?
-2
Evaluate (-5 - (5 - -30)) + 33.
-7
What is the value of -10 - (-18 + (-1 - -5))?
4
Calculate -36 - -1 - (427 + -450).
-12
What is the value of 25 - (0 + (1 - (-3 + -6)))?
15
Evaluate -4 + (3 - 7) - (9 - (-4 + 17)).
-4
Evaluate -9 + 0 + 35 + -13 + 1.
14
Calculate 11 + 5 + (2 - 2 - 5).
11
What is 2 - (-10 - (1 - -4 - (7 - -1)))?
9
Evaluate 13 - (-29 + 17 + -30 + 23).
32
What is the value of 5 - 30 - (-82 - -39)?
18
(-13 - -4) + 6 + 13
10
What is the value of (-15 - -7) + 13 + 14 + -1 + -25?
-7
What is (-17 - -4) + 5 + (0 - 0)?
-8
Evaluate (1 + -1 - 21) + (-8 + 21 - 10).
-18
What is -7 + (0 - (-3 + 0 - (12 - 12)))?
-4
Evaluate (7 - (-1 - 1)) + (91 - 96).
4
Calculate -13 + 7 + -10 - (-1 + -4).
-11
What is -37 + (9 - (-94 + 43))?
23
(1 - 0) + 7 + -3 + 2 + -22
-15
-11 + 11 + -2 + 4 + 10 + 1
13
Calculate 27 - (33 + -39 + 45).
-12
Evaluate (51 - (-66 + 101)) + 15 + 1.
32
What is the value of -6 - (-16 - (-8 - (-8 + 7 - 4)))?
7
Evaluate (6 - 5) + 4 + -1 + -11 + -5.
-12
What is -3 + -1 + 12 - (0 + 0 + 0)?
8
What is -2 + 17 - 13 - (2 + -3)?
3
What is the value of -1 + 1 + (1 - -13 - 1 - 20)?
-7
What is the value of -14 + -32 - -7 - -62?
23
-1 - 15 - (-4 - -4 - 5)
-11
10 + 5 + -4 + -6 + 1
6
Evaluate 40 - (-18 + (-11 - -52)).
17
What is 0 + (-11 - (14 + -28))?
3
Calculate 15 + (-28 + 29 - (0 + -2 - -13)).
5
What is the value of -8 + (8 - 3) + -8 + 7?
-4
Calculate -12 - (-7 - (-9 - (-3 - 3) - -10)).
2
What is 0 + -3 + -20 + 27?
4
What is the value of -7 + -1 + 294 + -301?
-15
Calculate (11 - 15) + -6 + 18.
8
What is -45 + (0 - (-12 + 5 - 11 - -10))?
-37
What is the value of 2 + -1 - 10 - -8?
-1
Calculate (32 - (30 - -23)) + 47.
26
What is -12 + 0 + 55 + -48 - -4?
-1
Evaluate 16 + -10 + -17 + 1.
-10
Calculate 5 - 12 - (2 - 0 - (-6 - -5)).
-10
Calculate 11 + (4 - -1) + 12 + -22.
6
What is the value of 1 + ((4 - 11) + 7 - -5)?
6
-1 + -2 + (-21 - -71 - 44)
3
Evaluate (3 - 3) + -49 + 42.
-7
What is the value of 12 + (-14 + 14 - 16)?
-4
Evaluate 16 + ((2 - 8) + -8 - -10 - -5).
17
Evaluate 4 + -6 + (12 - (-19 - -14)).
15
What is the value of (-18 + -21 - 23) + 32?
-30
What is the value of (-8 - 1) + -61 + 61 - -13?
4
What is the value of -2 - -55 - (22 - -4)?
27
Evaluate 5 - -30 - (5 + -3).
33
Calculate -19 + 9 + 18 + 9.
17
Evaluate -23 + (21 